{"id":606,"date":"2023-04-11T15:58:02","date_gmt":"2023-04-11T13:58:02","guid":{"rendered":"https:\/\/emplettes-cagettes.fr\/?page_id=606"},"modified":"2025-02-10T10:33:52","modified_gmt":"2025-02-10T09:33:52","slug":"qui-sommes-nous","status":"publish","type":"page","link":"https:\/\/emplettes-cagettes.fr\/?page_id=606","title":{"rendered":"Qui sommes nous ?"},"content":{"rendered":"\n<h2 class=\"wp-block-heading has-text-color\" style=\"color:#4ab056\"><strong>L&rsquo;association<\/strong><\/h2>\n\n\n\n<p class=\"has-black-color has-text-color\" style=\"font-size:15px\">Depuis 2019, Emplettes et Cagettes, association loi 1901, lutte contre la pauvret\u00e9 et la pr\u00e9carit\u00e9 alimentaire dans le cadre du plan alimentaire Sud 54 en mettant \u00e0 disposition des plus fragiles une offre de produits alimentaires \u00e9l\u00e9mentaires choisis et n\u00e9goci\u00e9s par eux et avec eux et avec les producteurs et acteurs locaux. Cette action est soutenue par la chambre d\u2019agriculture, la DRAFF et le d\u00e9partement 54 qui nous a permis de&nbsp;<strong>sourcer les produits aux prix n\u00e9goci\u00e9s pour la restauration collective<\/strong>. Les personnes en pr\u00e9carit\u00e9 b\u00e9n\u00e9ficient ainsi de produits choisis et valid\u00e9s pour leur qualit\u00e9 et de prix \u00ab de gros&nbsp;\u00bb, qu\u2019ils ne pourraient jamais obtenir seuls et isol\u00e9s.<\/p>\n\n\n\n<div class=\"wp-block-columns is-layout-flex wp-container-core-columns-is-layout-9d6595d7 wp-block-columns-is-layout-flex\">\n<div class=\"wp-block-column is-layout-flow wp-block-column-is-layout-flow\">\n<p class=\"has-black-color has-text-color\" style=\"font-size:15px\">Les actions mises en place permettent aux personnes en pr\u00e9carit\u00e9 d\u2019acheter<strong>&nbsp;et d\u2019organiser entre elles les moments et les lieux de livraisons proches de leur domicile&nbsp;: c\u2019est un&nbsp;<\/strong>mod\u00e8le<strong>&nbsp;d\u2019actions mutualis\u00e9es<\/strong>&nbsp;qui permet une alimentation digne et durable pour tous, apte \u00e0 \u00eatre d\u00e9ploy\u00e9e plus largement sur les territoires.<\/p>\n<\/div>\n\n\n\n<div class=\"wp-block-column is-layout-flow wp-block-column-is-layout-flow\">\n<p class=\"has-black-color has-text-color\" style=\"font-size:15px\"><mark class=\"has-inline-color has-black-color\">Pour cela, Emplettes &amp; Cagettes doit d\u00e9velopper le p\u00e9rim\u00e8tre d\u2019intervention de ces \u00ab&nbsp;<strong>collectifs d\u2019acheteurs<\/strong>&nbsp;\u00bb, par l\u2019implantation de points de commandes et de livraisons ainsi que la mise en place de \u00ab&nbsp;<strong>laboratoires d\u2019usage<\/strong>&nbsp;\u00bb qui organisent la participation des acheteurs (en travaillant des constats, des analyses et des propositions avec les acheteurs) garantissant activement une gouvernance participative de l\u2019association.<\/mark><\/p>\n<\/div>\n<\/div>\n\n\n\n<p style=\"font-size:15px\"><mark class=\"has-inline-color has-black-color\">Le pari de l\u2019association Emplettes &amp; Cagettes est de&nbsp;<strong>s&rsquo;appuyer sur l\u2019intelligence collective des personnes qui connaissent la pr\u00e9carit\u00e9 alimentaire<\/strong>, et sur&nbsp;<strong>leur connaissance de vie, et avec elles de mutualiser les achats alimentaires pour retrouver la qualit\u00e9 et l\u2019offre de produits dignes et durables.<\/strong><\/mark><\/p>\n\n\n\n<p class=\"has-text-align-center\"><a rel=\"noreferrer noopener\" href=\"https:\/\/www.terresdelorraine.org\/UserFiles\/File\/pat\/emplettes-et-cagettes-un-moyen-de-lutte-contre-la-pauvrete.pdf\" target=\"_blank\">Emplettes et Cagettes : un moyen de lutte contre la pauvret\u00e9<\/a><\/p>\n\n\n\n<p class=\"has-black-color has-text-color\" style=\"font-size:15px\">Depuis le contretemps impos\u00e9 par le confinement, l\u2019association n\u2019a cess\u00e9 de grandir, et depuis cette ann\u00e9e, son action s&rsquo;\u00e9largit \u00e0 la m\u00e9tropole du Grand Nancy.<\/p>\n\n\n<div class=\"is-default-size aligncenter wp-block-site-logo\"><a href=\"https:\/\/emplettes-cagettes.fr\/\" class=\"custom-logo-link\" rel=\"home\"><img loading=\"lazy\" decoding=\"async\" width=\"300\" height=\"207\" src=\"https:\/\/i0.wp.com\/emplettes-cagettes.fr\/wp-content\/uploads\/2023\/01\/logo-emplettes-et-cagettes.png?fit=300%2C207&amp;ssl=1\" class=\"custom-logo\" alt=\"Emplettes et Cagettes\" \/><\/a><\/div>","protected":false},"excerpt":{"rendered":"<p>L&rsquo;association Depuis 2019, Emplettes et Cagettes, association loi 1901, lutte contre la pauvret\u00e9 et la pr\u00e9carit\u00e9 alimentaire dans le cadre du plan alimentaire Sud 54 en mettant \u00e0 disposition des plus fragiles une offre de produits alimentaires \u00e9l\u00e9mentaires choisis et n\u00e9goci\u00e9s par eux et avec eux et avec les producteurs et acteurs locaux. Cette action<\/p>\n<div><a class=\"btn-filled btn\" href=\"https:\/\/emplettes-cagettes.fr\/?page_id=606\" title=\"Qui sommes nous ?\">Lire la suite<\/a><\/div>\n","protected":false},"author":2,"featured_media":0,"parent":617,"menu_order":0,"comment_status":"closed","ping_status":"closed","template":"","meta":{"footnotes":""},"class_list":["post-606","page","type-page","status-publish","hentry"],"jetpack_sharing_enabled":true,"_links":{"self":[{"href":"https:\/\/emplettes-cagettes.fr\/index.php?rest_route=\/wp\/v2\/pages\/606","targetHints":{"allow":["GET"]}}],"collection":[{"href":"https:\/\/emplettes-cagettes.fr\/index.php?rest_route=\/wp\/v2\/pages"}],"about":[{"href":"https:\/\/emplettes-cagettes.fr\/index.php?rest_route=\/wp\/v2\/types\/page"}],"author":[{"embeddable":true,"href":"https:\/\/emplettes-cagettes.fr\/index.php?rest_route=\/wp\/v2\/users\/2"}],"replies":[{"embeddable":true,"href":"https:\/\/emplettes-cagettes.fr\/index.php?rest_route=%2Fwp%2Fv2%2Fcomments&post=606"}],"version-history":[{"count":10,"href":"https:\/\/emplettes-cagettes.fr\/index.php?rest_route=\/wp\/v2\/pages\/606\/revisions"}],"predecessor-version":[{"id":1688,"href":"https:\/\/emplettes-cagettes.fr\/index.php?rest_route=\/wp\/v2\/pages\/606\/revisions\/1688"}],"up":[{"embeddable":true,"href":"https:\/\/emplettes-cagettes.fr\/index.php?rest_route=\/wp\/v2\/pages\/617"}],"wp:attachment":[{"href":"https:\/\/emplettes-cagettes.fr\/index.php?rest_route=%2Fwp%2Fv2%2Fmedia&parent=606"}],"curies":[{"name":"wp","href":"https:\/\/api.w.org\/{rel}","templated":true}]}}